 -4. Calculate the greatest common factor of s and z.
14
Let m = -33 - -255. What is the greatest common divisor of 148 and m?
74
Let n = -146 + 245. Let g be (1881/(-18))/(-11) - 6/(-4). What is the highest common factor of g and n?
11
Let u(j) = -j**3 - 6*j**2 + 6*j + 9. Let b be u(-9). Let v(i) = i**3 + 7*i**2 - 10*i + 6. Let a be v(-8). Calculate the highest common divisor of b and a.
22
Let b = -65 - -195. What is the greatest common factor of 20 and b?
10
Suppose -526 = -48*r + 98. Calculate the greatest common divisor of r and 611.
13
Let t(p) = -p**3 - 3*p**2 + 2*p + 7. Let c be t(-4). Suppose 5*g - c = 65. Calculate the highest common factor of 64 and g.
16
Let a = 463 - 388. Calculate the greatest common divisor of 60 and a.
15
Let h(g) = g - 23. Let f be h(11). Let j be f/(-4) + 1*51. Let s = 42 - -93. Calculate the greatest common factor of s and j.
27
Let v(h) = -h**3 - 2*h**2 - h + 3. Let r be v(-3). Let u be (77 + -32)*(-2)/(-2). Calculate the greatest common divisor of r and u.
15
Suppose 0 = -7*t + 12*t - 5130. Calculate the highest common factor of t and 76.
38
Suppose -4*j - 4*t - 40 = j, 3*t + 31 = -4*j. Let i be 224/(-4 + 8) - j/1. Suppose 2*l - 7*l + 75 = 0. Calculate the greatest common divisor of i and l.
15
Let f be (2*-1)/(2/(-8)). Suppose -f*r + 3*r + 60 = 0. Let u = -7248 - -7260. Calculate the greatest common factor of u and r.
12
Let y(j) = -j**3 - 34*j**2 - 4*j - 16. Let b be y(-34). What is the greatest common divisor of 160 and b?
40
Suppose 6*s - 11*s - z = -447, -5*s - 2*z + 444 = 0. What is the greatest common divisor of s and 50?
10
Suppose 0 = -93*l + 40*l + 371. Let d = -150 - -250. Suppose -l*v = -11*v + d. What is the greatest common divisor of v and 75?
25
Suppose 16 = -i + k + 43, -i - k = -21. Let s be (2506/56)/((-2)/8). Let l = -83 - s. What is the greatest common factor of i and l?
24
Let j(q) = -45*q + 216. Let m be j(-8). What is the greatest common divisor of 180 and m?
36
Let c(p) = -6*p**2 + 13*p - 4. Let h(t) = 7*t**2 - 12*t + 3. Let z(x) = 6*c(x) + 5*h(x). Let k be z(13). Calculate the highest common factor of k and 14.
14
Suppose 4*l - 12*l + 64 = 0. Let v = -5 - -7. Suppose 3*a = -9, 4*a = v*n - 10 - l. Calculate the highest common divisor of 21 and n.
3
Let l = 31 - 31. Suppose 35*z - 33*z - 24 = l. Calculate the greatest common divisor of z and 108.
12
Let l = 35 + 0. Suppose l*w + 360 = 38*w. What is the highest common divisor of 15 and w?
15
Let h(z) = z**3 - 8*z**2 + 9*z + 4. Let y be h(7). Suppose -6*w + 8*w = 18. Calculate the highest common divisor of w and y.
9
Suppose -74*l + 72*l = -6. Let y = 71 + 19. Suppose l*u - 104 = 5*n, -70 = -5*u + 5*n + y. Calculate the highest common factor of 4 and u.
4
Let u be 9 + 3/12*-4. Suppose 4*k + 112 = 2*w - 4, -5*k + 163 = 3*w. What is the highest common factor of u and w?
8
Suppose 0 = x + 4*x - 5*i - 280, -5*x = -2*i - 271. What is the highest common divisor of x and 106?
53
Let d = 124 + -100. What is the greatest common divisor of 12 and d?
12
Let h = -2186 + 2246. Calculate the highest common divisor of h and 820.
20
Let b = 8 + -8. Suppose b = w - 3*w + 140. What is the highest common divisor of w and 14?
14
Suppose 5*s - 2*z = -47, 1 = -4*s - 5*z - 30. Let t be ((-147)/s - 2)*3. Suppose 15 - t = -4*q. What is the highest common divisor of q and 77?
7
Let p be (220/(-150) + 2/(-10))*-9. Suppose 2*h = p - 5. Calculate the greatest common divisor of 10 and h.
5
Let v(s) = 4*s - 16*s - s**3 + 11 + 3*s**3 - 3*s**2. Let c be v(5). What is the highest common divisor of 14 and c?
14
Let a = 44 - 16. Let v(t) = 18*t - 286. Let b be v(19). Calculate the highest common divisor of a and b.
28
Suppose -6*r + 5*r = -4. Suppose 0 = 2*n - 3*n + 10. Suppose n = i + r*i. Calculate the highest common factor of 5 and i.
1
Suppose -x - 9 = -r, 4 = r - 3*x - 1. Suppose r*g + 72 = 14*g. Calculate the highest common factor of 168 and g.
24
Let y(n) = -n + 1. Let l(o) = o**3 + 4*o**2 + 3*o - 3. Let a be l(-3). Let r be y(a). Let b = 472 + -436. What is the highest common divisor of r and b?
4
Suppose -18*a + 3762 = -9*a. What is the highest common factor of a and 22?
22
Let s(f) = 102*f**2 + 18*f + 5. Let u be s(-2). What is the greatest common divisor of u and 13?
13
Let m(v) = 12 + v**2 - 3*v**2 + 8*v + 3*v**2. Let y be m(-7). Suppose 27 = 5*s - 48. Calculate the highest common divisor of s and y.
5
Let b(g) = -3*g + 18. Let c be b(-16). Suppose 2*x - 46 = 4*l - 0*l, 3*x - c = 5*l. Calculate the highest common divisor of x and 136.
17
Suppose 0 = w + 3*r - 5, 0 = -18*w + 13*w - 3*r + 13. Let k(c) = c**2 - 2*c - 2. Let l be k(4). What is the highest common factor of w and l?
2
Suppose 3*r = 6*d - 3*d, 2*r + 10 = 4*d. Suppose d*x = -213 + 598. What is the greatest common divisor of x and 7?
7
Let j be -39*3/18*(-36)/6. What is the greatest common factor of j and 871?
13
Let b(i) = 18*i - 81. Let z be b(7). Let q(o) = 2*o**2 + 7*o + 3. Let h be q(-5). Calculate the highest common factor of z and h.
9
Suppose -60 + 49 = -g. Suppose -13*l + g*l + 4 = 0. Let q be 6*(3/(-6) - -1). What is the highest common factor of l and q?
1
Suppose 0 = 3*l - 2*l - g - 153, 4*g - 765 = -5*l. Let z be (-2)/(-4) + l/18. Suppose z = -r + 41. Calculate the greatest common factor of 288 and r.
32
Let a = 158 - 136. What is the greatest common factor of 198 and a?
22
Let b(v) = -v**2 - 11*v + 17. Let p be b(-12). Suppose -2*g = 5*z - 14 - 11, -p*z = 5. Calculate the highest common divisor of g and 5.
5
Let c = -31 + 55. Let l be 1*54 - (139 - 145). What is the greatest common divisor of l and c?
12
Let p(j) = -55*j + 2. Let r be p(-2). Let k = -173 + 201. Calculate the greatest common divisor of r and k.
28
Suppose 0 = 5*n + l + 5, 0 = -4*n + 2*l - 0 - 4. Let j be (-2)/(n - (-214)/216). Calculate the highest common factor of 18 and j.
18
Suppose 91 = -r + 2*r. Suppose 0 = 2*d - r + 11. What is the greatest common divisor of 100 and d?
20
Let i(o) = -o**3 + 4*o**2 + 13*o - 2. Let g be i(4). Suppose -l = 34 - g. Calculate the highest common factor of l and 20.
4
Let b = 2 + -14. Let i be 3*2 - (b - -8). Let k(x) = -x**3 + 8*x**2 - 4*x + 4. Let q be k(7). Calculate the highest common factor of i and q.
5
Suppose -381 = -5*s + 1234. What is the highest common factor of 17 and s?
17
Let o = -1 + -1. Let j be 8/((4 - 6) + 0). Let s be (-22)/((j/(-5))/o). What is the highest common divisor of s and 5?
5
Let h be (-2)/12*-2 + 27/(-81). Suppose h = 10*t - 1 - 29. Calculate the greatest common factor of 75 and t.
3
Let w(r) = -r**3 - 4*r**2 - 3*r - 5. Let d be w(-4). Let c = -30 - -65. Calculate the highest common divisor of d and c.
7
Let t(i) = -i**3 - 16*i**2 - 3*i + 11. Let h be t(-16). Let o = h - -53. Suppose -3*r = -0*r - 84. Calculate the highest common divisor of r and o.
28
Let l = -1499 - -1667. Calculate the greatest common factor of 66 and l.
6
Let j(h) = h + 2 - 2 + 0*h**2 + 3 - 2*h**2 + h**3. Let z be j(4). Let m be (14 - 1)/(-3 + 9 + -5). Calculate the highest common factor of m and z.
13
Suppose 3*y - 4*a = 8, a = -3*y + 6*a + 13. Let x be (-16)/12*6/y. Let j be (0 + 1)*(4 - x). Calculate the greatest common divisor of j and 5.
1
Suppose -5*h - 18 = -8*h. Suppose 5*a - h + 26 = 0. Let v be a + 48*2/3. What is the greatest common factor of 14 and v?
14
Let i = -1864 - -1876. Calculate the highest common factor of 352 and i.
4
Let m be (2 - (5104/(-12) - 2))*3. Calculate the highest common divisor of m and 56.
56
Suppose 0 = -2*z - 1 + 7. Suppose m - 7*u = -2*u + 17, -2*u = -z*m - 14. Let a = 25 + m. What is the highest common divisor of a and 85?
17
Let r = 18 + -6. Let z be (28/(-1))/((-8)/r). Suppose m - 5*o = -6, -4*o + 38 = 3*m - 5*o. What is the highest common factor of z and m?
14
Let u be 1 + -1 + 238/4*4. Calculate the greatest common divisor of u and 170.
34
Let x(u) = -u**2 - 20*u + 6. Let k be x(-20). Calculate the greatest common divisor of k and 162.
6
Let j = 41 - 29. Suppose j*b = 17*b - 125. Let p = 34 - 9. What is the greatest common factor of b and p?
25
Suppose 5*z = 6*z. Suppose z = -i + 9. Let r = 75 + -12. What is the greatest common factor of i and r?
9
Let h = -9 + 9. Let v be ((-14)/3 - h)*(-24)/28. Calculate the highest common factor of v and 36.